alculate v(-4).
26
Let p(a) = -396*a + 48701. Give p(123).
-7
Let i(f) = f**3 - f**2 - 11*f + 31. Calculate i(-5).
-64
Let g(n) = 2*n**2 - 21*n - 330. Give g(-10).
80
Let s(n) = -n**3 - 27*n**2 - 87*n + 24. Determine s(-23).
-91
Let d(x) = -x**3 - 19*x**2 - 55*x - 29. What is d(-15)?
-104
Let u(r) = -r**3 + 91*r**2 + 90*r + 188. Calculate u(92).
4
Let i(t) = 47*t - 1074. Determine i(26).
148
Let d(w) = 242*w + 1182. What is d(-4)?
214
Let b(i) = i**3 - 12*i**2 - 2*i + 51. What is b(2)?
7
Let l(v) = 4*v**2 + 19*v + 117. Give l(-12).
465
Let y(k) = -24*k - 2067. Give y(-86).
-3
Let a(p) = -2*p**2 + 126*p + 672. Determine a(68).
-8
Let s(a) = -26*a**2 - 747*a + 997. Determine s(-30).
7
Let u(c) = 609*c - 6705. Give u(11).
-6
Let y(j) = 47*j - 82. Give y(2).
12
Let w(d) = -71*d - 24. Calculate w(0).
-24
Let u(s) = 263*s + 30758. Determine u(-117).
-13
Let k(b) = 40*b**2 + 30*b + 56. Determine k(-2).
156
Let k(u) = 2*u**3 - 5*u**2 - 27*u + 8. Calculate k(5).
-2
Let r(m) = 4*m + 218. Calculate r(-24).
122
Let d(m) = -2*m**3 - 207*m**2 - 486*m + 1912. Give d(-101).
-7
Let c(m) = -m**2 - 22*m + 367. Calculate c(17).
-296
Let i(w) = -2*w**2 - 13*w - 14. Give i(-4).
6
Let u(t) = t**3 + 28*t**2 + 72*t - 62. What is u(-25)?
13
Let n(i) = 145*i + 11463. Calculate n(-79).
8
Let c(m) = -m**3 + 39*m**2 + 37*m - 18. What is c(40)?
-138
Let n(m) = 2*m**2 - 1591*m + 48855. What is n(32)?
-9
Let t(j) = j**2 - 12*j - 12. Give t(13).
1
Let v(n) = -10*n - 176. What is v(-21)?
34
Let o(s) = -s**3 - 25*s**2 + 126*s + 1170. Give o(-28).
-6
Let x(n) = 156*n**2 + 1400*n + 5. Determine x(-9).
41
Let s(y) = y**2 + 27*y + 244. Calculate s(-14).
62
Let w(t) = -2*t + 12. Give w(-33).
78
Let a(d) = 4*d**2 + 5*d + 52. Give a(7).
283
Let j(y) = -y**3 - 36*y**2 - 22*y - 930. Determine j(-36).
-138
Let p(a) = -2*a**3 - 4*a**2 + 35*a - 24. What is p(3)?
-9
Let d(l) = l**3 + 76*l**2 - 321*l - 91. Calculate d(-80).
-11
Let h(d) = 3*d + 221. What is h(-11)?
188
Let x(b) = -b**3 - 70*b**2 - 79*b - 675. Calculate x(-69).
15
Let s(p) = -p**2 + 160*p - 190. Determine s(159).
-31
Let h(t) = -348*t - 3879. Give h(-11).
-51
Let r(s) = s**3 - s**2 + 6*s + 300. Determine r(0).
300
Let d(l) = 26*l**2 - 11*l + 6. Give d(-4).
466
Let q(l) = -10*l - 207. Give q(50).
-707
Let c(s) = -s**3 + 17*s**2 + 294*s - 4975. Calculate c(18).
-7
Let d(v) = -v**3 + 10*v**2 - 6*v - 56. Give d(9).
-29
Let g(h) = -h**2 + 6*h + 129. What is g(11)?
74
Let d(f) = 8*f - 1194. Determine d(148).
-10
Let i(k) = -k**2 - 314*k + 2253. Give i(7).
6
Let s(d) = d**2 - 379*d - 19079. Determine s(-45).
1
Let u(p) = p**2 - 12*p + 16. Calculate u(5).
-19
Let j(s) = s**2 + 63*s + 942. Calculate j(-30).
-48
Let b(h) = 12*h**2 + 29*h - 88. Give b(-5).
67
Let x(k) = 15*k**2 + 10*k + 57. Determine x(-4).
257
Let y(g) = 2*g**3 + 17*g**2 + 297*g + 1600. What is y(-6)?
-2
Let j(d) = d**2 + 654*d + 2609. Give j(-4).
9
Let y(b) = 42*b**2 + 10*b + 8. Determine y(-1).
40
Let x(m) = -2*m**2 + 17*m - 84. What is x(11)?
-139
Let p(g) = g**3 - 45*g**2 - 16*g + 706. What is p(45)?
-14
Let n(l) = 5669*l - 39673. Calculate n(7).
10
Let p(k) = -155*k + 12. Give p(0).
12
Let m(s) = 26*s - 353. Give m(20).
167
Let v(i) = 538*i - 14. Calculate v(0).
-14
Let d(v) = -v**3 + 20*v**2 - 13*v + 28. What is d(20)?
-232
Let t(c) = 2*c**3 - 18*c**2 - 47*c + 22. What is t(11)?
-11
Let d(h) = -2327*h + 18597. Determine d(8).
-19
Let r(b) = -b**3 - 20*b**2 - 29*b - 67. Calculate r(-19).
123
Let t(i) = 174*i - 660. Determine t(4).
36
Let y(u) = u**3 + 86*u**2 + 824*u - 128. Give y(-75).
-53
Let i(d) = 3*d**2 - 64*d + 277. Calculate i(13).
-48
Let a(t) = 585*t + 21634. Determine a(-37).
-11
Let x(i) = 53*i**3 + 10*i**2 + 39*i + 3. What is x(-3)?
-1455
Let r(l) = 8*l**2 + 11*l - 6. What is r(-2)?
4
Let a(v) = 7*v**2 - 2152*v + 918. Determine a(307).
-3
Let l(z) = 3*z - 15. Determine l(12).
21
Let p(x) = 8*x**2 + 42*x - 31. What is p(-6)?
5
Let z(k) = -17*k**3 - 3*k**2 + 15*k + 18. What is z(-1)?
17
Let i(p) = -12*p**3 - 120*p**2 - 4*p - 38. What is i(-10)?
2
Let o(k) = 12*k**2 - 443*k - 45. What is o(37)?
-8
Let k(u) = 199*u - 839. Give k(5).
156
Let f(b) = b**3 - 11*b**2 + 45*b - 163. Calculate f(8).
5
Let k(h) = -4*h**2 - 185*h + 41. Determine k(-47).
-100
Let j(p) = -11*p + 242. Give j(4).
198
Let y(w) = -2*w**2 - 13*w - 20. Calculate y(-4).
0
Let a(z) = 19*z**3 + 208*z**2 - 202*z - 2104. Give a(-11).
-3
Let p(h) = -h**3 + 25*h**2 + 60*h - 1046. What is p(6)?
-2
Let v(l) = 208*l + 1028. Determine v(-5).
-12
Let i(f) = -2*f**2 + 49*f - 204. Give i(4).
-40
Let c(p) = -179*p + 760. Give c(4).
44
Let o(g) = g**2 - 30*g + 59. Give o(30).
59
Let b(k) = 2*k**3 - 20*k**2 - 119*k + 86. What is b(14)?
-12
Let b(w) = -484*w - 33882. What is b(-70)?
-2
Let d(u) = -u**3 - 22*u**2 + 85*u + 84. What is d(-25)?
-166
Let x(g) = -g**3 + 76*g**2 - 492*g + 76. Give x(7).
13
Let d(v) = 10*v**3 + 814*v**2 + 1120*v - 16. Determine d(-80).
-16
Let g(o) = o**2 - 11*o - 105. Calculate g(17).
-3
Let k(s) = 6935*s - 41607. What is k(6)?
3
Let x(m) = 5*m**2 + 26*m + 19. Give x(-5).
14
Let d(t) = t**3 + 9*t**2 - 27*t - 19. Give d(-12).
-127
Let i(n) = 6*n**3 + 109*n**2 + 17*n - 119. Calculate i(-18).
-101
Let c(a) = -40*a - 137. Determine c(-10).
263
Let d(f) = 7*f**2 + 9*f - 7. Give d(1).
9
Let q(d) = -5471*d + 38296. Give q(7).
-1
Let y(x) = 2*x**2 - 4*x - 3. Give y(0).
-3
Let l(g) = 21*g + 134. What is l(-5)?
29
Let d(a) = a**3 + 87*a**2 + 165*a - 429. Calculate d(-85).
-4
Let x(l) = 9*l**2 + 7*l + 16. Calculate x(-2).
38
Let u(l) = -l**3 + 9*l**2 + 28*l - 18. What is u(11)?
48
Let g(x) = -2*x**3 + 117*x**2 + 59*x + 12. Give g(59).
12
Let b(d) = -7*d**3 - 238*d**2 + 3*d + 112. What is b(-34)?
10
Let r(u) = 63*u - 454. Calculate r(8).
50
Let v(y) = -20*y**2 - 14*y + 71. Determine v(-5).
-359
Let z(c) = 30*c - 1180. Calculate z(39).
-10
Let w(z) = 2*z**3 + 6*z**2 + 3*z - 51. Determine w(6).
615
Let r(c) = -c**2 - 96*c - 3. Calculate r(0).
-3
Let o(f) = 6*f - 62. Calculate o(10).
-2
Let k(l) = l**2 - 217*l + 1711. Give k(8).
39
Let i(y) = -y**3 + 6*y**2 + 5*y - 79. What is i(8)?
-167
Let h(a) = 18*a + 225. Give h(-18).
-99
Let f(b) = -23*b**2 + 2395*b - 319. Give f(104).
-7
Let d(t) = t**3 - 42*t**2 - 135*t - 5. Calculate d(45).
-5
Let m(z) = -244*z + 1015. What is m(6)?
-449
Let o(v) = -3*v**3 + v**2 - 603*v + 7. Give o(0).
7
Let z(u) = -60*u - 43. Give z(5).
-343
Let l(c) = -c**2 + 28*c - 176. What is l(21)?
-29
Let q(l) = -64*l + 716. What is q(8)?
204
Let x(z) = z**3 - 23*z - 41. What is x(-2)?
-3
Let g(l) = l**3 - 64*l**2 + 64*l - 8397. Determine g(65).
-12
Let v(z) = -z**3 + 15*z**2 - 26*z - 23. What is v(13)?
-23
Let a(h) = h**3 - 318*h**2 + 2172*h + 1543. Give a(311).
-12
Let x(r) = r**3 - 31*r - 53. Determine x(-4).
7
Let a(y) = -87*y + 4578. Give a(55).
-207
Let g(f) = f**3 - 33*f**2 - 4*f - 4. Give g(33).
-136
Let s(u) = 3*u**2 + 14*u + 13. Calculate s(-4).
5
Let a(j) = -19*j**2 + 155*j - 15. What is a(8)?
9
Let d(r) = -r**3 + 3*r**2 + 50*r - 2. Determine d(0).
-2
Let k(w) = -15*w + 353. Calculate k(18).
83
Let z(o) = -47*o**2 - 11*o - 1. Determine z(2).
-211
Let d(m) = -m**2 + 38*m - 274. What is d(28)?
6
Let n(h) = -9*h**3 + h**2 + 5*h - 4. Calculate n(2).
-62
Let p(r) = 1982*r - 126844. What is p(64)?
4
Let w(t) = -t**3 - 14*t**2 - 51*t - 48. Calculate w(-9).
6
Let r(w) = -3*w**3 - 19*w**2 - 17*w + 138. Give r(-7).
355
Let x(v) = 30*v**3 + 7*v**2 - 12*v - 2. Give x(2).
242
Let d(c) = c**3 + 29*c**2 - 34*c - 123. Give d(-30).
-3
Let j(g) = -18*g**3 - 8*g**2 - 3*g + 4. Determine j(3).
-563
Let z(j) = j**3 + 7*j**2 - 37*j - 62. Determine z(-10).
8
Let n(g) = -31*g + 601. Give n(22).
-81
Let u(f) = -f**3 + 9*f**2 + 50*f + 31. Calculate u(13).
5
Let t(j) = 19*j**3 - 4*j**2 - 10*j - 7. Calculate t(-1).
-20
Let z(n) = 2*n**3 + 46*n**2 + 43*n + 94. Give z(-22).
116
Let k(m) = 52*m - 29. Give k(3).
127
Let m(v) = -108*v + 22496. What is m(208)?
32
Let n(q) = 174*q + 13400. Give n(-77).
2
Let a(g) = -2*g**2 + 85*g - 124. Determine a(37).
283
Let x(d) = d**3 + 6*d**2 + 51*d + 170. Calculate x(-4).
-2
Let d(q) = 3273*q + 3271. Calculate d(-1).
-2
Let c(k) = 113*k**3 - 3*k**2 - 7*k - 4. Give c(-1).
-113
Let n(j) = -53*j - 116. Determine n(-2).
-10
Let k(o) = 2*o**3 + 60*o**2 + 108*o - 70